3128599318 is divided by 1848?
1846
What is the remainder when 623276 is divided by 155815?
16
What is the remainder when 6578879 is divided by 2192951?
26
Calculate the remainder when 6744 is divided by 6493.
251
What is the remainder when 29775 is divided by 14234?
1307
Calculate the remainder when 885751 is divided by 256.
247
Calculate the remainder when 2313510 is divided by 34528.
134
Calculate the remainder when 926696 is divided by 1667.
1511
Calculate the remainder when 962482 is divided by 2553.
1
Calculate the remainder when 7428849 is divided by 234.
51
What is the remainder when 136492 is divided by 3484?
616
Calculate the remainder when 4973241 is divided by 6822.
3
What is the remainder when 2685584 is divided by 2685575?
9
What is the remainder when 12381 is divided by 474?
57
Calculate the remainder when 14422822 is divided by 741.
739
What is the remainder when 7108202 is divided by 54261?
11
Calculate the remainder when 101048654 is divided by 1155.
14
What is the remainder when 4188270 is divided by 50?
20
What is the remainder when 20885673 is divided by 3857?
18
Calculate the remainder when 1136461 is divided by 179.
169
Calculate the remainder when 45666 is divided by 14626.
1788
Calculate the remainder when 170510 is divided by 5773.
3093
Calculate the remainder when 3179540 is divided by 3179269.
271
Calculate the remainder when 116422 is divided by 116236.
186
What is the remainder when 518409 is divided by 2160?
9
What is the remainder when 65383442 is divided by 265?
257
Calculate the remainder when 511404638 is divided by 1810.
1808
Calculate the remainder when 2053383 is divided by 513339.
27
Calculate the remainder when 3739678 is divided by 70.
68
What is the remainder when 13098591 is divided by 44553?
9
Calculate the remainder when 13824 is divided by 12022.
1802
Calculate the remainder when 25750658 is divided by 3456.
2
What is the remainder when 40790 is divided by 38504?
2286
What is the remainder when 31925502 is divided by 61?
54
What is the remainder when 33165 is divided by 147?
90
Calculate the remainder when 77907 is divided by 3022.
2357
What is the remainder when 3811301 is divided by 635212?
29
Calculate the remainder when 33921404 is divided by 37.
26
What is the remainder when 56421276 is divided by 9403544?
12
Calculate the remainder when 7840895 is divided by 62.
3
What is the remainder when 303754 is divided by 21691?
80
Calculate the remainder when 25170960 is divided by 369.
363
What is the remainder when 338052 is divided by 84510?
12
What is the remainder when 5852737 is divided by 1294?
1269
Calculate the remainder when 1417742 is divided by 621.
620
Calculate the remainder when 37010966 is divided by 34916.
6
Calculate the remainder when 4667576 is divided by 15.
11
What is the remainder when 254977 is divided by 7973?
7814
Calculate the remainder when 2297188 is divided by 765672.
172
Calculate the remainder when 583950 is divided by 583270.
680
What is the remainder when 1141852 is divided by 364?
348
What is the remainder when 90493 is divided by 1744?
1549
Calculate the remainder when 32254 is divided by 2068.
1234
What is the remainder when 2748686 is divided by 49073?
598
Calculate the remainder when 45205196 is divided by 293.
277
What is the remainder when 11930 is divided by 2353?
165
What is the remainder when 1405905 is divided by 2020?
2005
Calculate the remainder when 652003 is divided by 292.
259
What is the remainder when 78199499 is divided by 4227?
4226
What is the remainder when 4257171 is divided by 1419055?
6
Calculate the remainder when 68799851 is divided by 396.
395
Calculate the remainder when 262679183 is divided by 72.
71
Calculate the remainder when 1563 is divided by 65.
3
Calculate the remainder when 3731918 is divided by 953.
923
Calculate the remainder when 184910 is divided by 182977.
1933
What is the remainder when 244436645 is divided by 127?
126
What is the remainder when 2498228 is divided by 116?
52
What is the remainder when 1295802 is divided by 13221?
144
Calculate the remainder when 40174 is divided by 19284.
1606
What is the remainder when 316209 is divided by 21505?
15139
What is the remainder when 212216670 is divided by 2864?
2862
What is the remainder when 437625 is divided by 3167?
579
What is the remainder when 69593737 is divided by 328?
9
Calculate the remainder when 2480139 is divided by 77.
46
Calculate the remainder when 484120 is divided by 30.
10
Calculate the remainder when 105225 is divided by 476.
29
Calculate the remainder when 2057847 is divided by 2057827.
20
What is the remainder when 653493 is divided by 179?
143
What is the remainder when 6550200 is divided by 12997?
12709
What is the remainder when 880348 is divided by 1804?
1800
Calculate the remainder when 53792 is divided by 539.
431
Calculate the remainder when 10332 is divided by 72.
36
What is the remainder when 37660 is divided by 37115?
545
What is the remainder when 1140494 is divided by 4613?
1083
What is the remainder when 1289264 is divided by 14325?
14
What is the remainder when 133047 is divided by 102?
39
What is the remainder when 94138 is divided by 5916?
5398
What is the remainder when 126157313 is divided by 335?
333
Calculate the remainder when 196668959 is divided by 80.
79
What is the remainder when 1568697 is divided by 50?
47
Calculate the remainder when 931967 is divided by 212.
15
What is the remainder when 3773969 is divided by 24038?
3
What is the remainder when 68004055 is divided by 40917?
1
What is the remainder when 413982 is divided by 8269?
532
Calculate the remainder when 50703887 is divided by 161.
157
What is the remainder when 100480 is divided by 100416?
64
What is the remainder when 1320256 is divided by 120006?
190
Calculate the remainder when 319492 is divided by 76679.
12776
What is the remainder when 9475590 is divided by 78?
72
Calculate the remainder when 1163412 is divided by 387227.
1731
What is the remainder when 2052009 is divided by 867?
687
What is the remainder when 222662694 is divided by 59?
57
What is the remainder when 57287 is divided by 2484?
155
Calculate the remainder when 56273 is divided by 1150.
1073
What is the remainder when 8340 is divided by 1412?
1280
Calculate the remainder when 10027167 is divided by 208899.
15
Calculate the remainder when 58183576 is divided by 29091784.
8
Calculate the remainder when 234049 is divided by 2752.
129
What is the remainder when 297573 is divided by 99135?
168
Calculate the remainder when 306589 is divided by 153270.
49
Calculate the remainder when 8950794 is divided by 1181.
1176
What is the remainder when 5700590 is divided by 5735?
0
What is the remainder when 570664 is divided by 524?
28
What is the remainder when 109979 is divided by 21984?
59
Calculate the remainder when 915770 is divided by 3305.
285
Calculate the remainder when 1531848 is divided by 887.
886
Calculate the remainder when 3380417 is divided by 2824.
89
Calculate the remainder when 111432162 is divided by 1437.
1434
What is the remainder when 740757 is divided by 642?
531
Calculate the remainder when 160007 is divided by 4056.
1823
What is the remainder when 869222 is divided by 1592?
1582
Calculate the remainder when 23050 is divided by 4533.
385
What is the remainder when 228341 is divided by 28113?
3437
Calculate the remainder when 4876734 is divided by 3936.
30
Calculate the remainder when 107780 is divided by 26903.
168
What is the remainder when 1509582 is divided by 133?
32
What is the remainder when 13591 is divided by 12558?
1033
Calculate the remainder when 5637585 is divided by 2.
1
What is the remainder when 1524888 is divided by 762441?
6
Calculate the remainder when 2326779 is divided by 1087.
599
Calculate the remainder when 8988597 is divided by 34705.
2
Calculate the remainder when 61036 is divided by 19866.
1438
What is the remainder when 426561 is divided by 184?
49
Calculate the remainder when 6921 is divided by 1375.
46
What is the remainder when 10252216 is divided by 270?
46
What is the remainder when 41144262 is divided by 7163?
7153
What is the remainder when 407309 is divided by 4863?
3680
What is the remainder when 762125 is divided by 10?
5
What is the remainder when 7